{"id":3110,"date":"2015-10-21T13:42:09","date_gmt":"2015-10-21T10:42:09","guid":{"rendered":"http:\/\/www.rotofluid.com\/eng\/?post_type=product&#038;p=3110"},"modified":"2015-11-04T16:50:12","modified_gmt":"2015-11-04T14:50:12","slug":"6001-series","status":"publish","type":"product","link":"https:\/\/www.rotofluid.com\/eng\/product\/6001-series\/","title":{"rendered":"600+1 Series"},"content":{"rendered":"<p><span style=\"color: #000000; font-family: arial, helvetica, sans-serif; font-size: 10pt;\"><div class=\"jq-tabs tabs_wrapper tabs_\"><ul><li><a href=\"#tab-69f8745eac7a5-1\">Features<\/a><\/li><li><a href=\"#tab-69f8745eac7a5-2\">Technical<\/a><\/li><li><a href=\"#tab-69f8745eac7a5-3\">Dimensions<\/a><\/li><li><a href=\"#tab-69f8745eac7a5-4\">Catalogue<\/a><\/li><li><a href=\"#tab-69f8745eac7a5-5\">Manuals<\/a><\/li><\/ul><div id=\"tab-69f8745eac7a5-1\" ><\/span><\/p>\n<p><span style=\"color: #000000; font-family: arial, helvetica, sans-serif; font-size: 10pt;\"><img decoding=\"async\" loading=\"lazy\" class=\"alignnone size-full wp-image-3108\" src=\"http:\/\/www.rotofluid.com\/eng\/wp-content\/uploads\/sites\/2\/2015\/10\/WEB-ROTOFLUID-ROTARY-JOINT-600-1-CUTAWAY.jpg\" alt=\"WEB-ROTOFLUID-ROTARY JOINT-600+1-CUTAWAY\" width=\"800\" height=\"450\" srcset=\"https:\/\/www.rotofluid.com\/eng\/wp-content\/uploads\/sites\/2\/2015\/10\/WEB-ROTOFLUID-ROTARY-JOINT-600-1-CUTAWAY.jpg 800w, https:\/\/www.rotofluid.com\/eng\/wp-content\/uploads\/sites\/2\/2015\/10\/WEB-ROTOFLUID-ROTARY-JOINT-600-1-CUTAWAY-300x169.jpg 300w, https:\/\/www.rotofluid.com\/eng\/wp-content\/uploads\/sites\/2\/2015\/10\/WEB-ROTOFLUID-ROTARY-JOINT-600-1-CUTAWAY-260x146.jpg 260w, https:\/\/www.rotofluid.com\/eng\/wp-content\/uploads\/sites\/2\/2015\/10\/WEB-ROTOFLUID-ROTARY-JOINT-600-1-CUTAWAY-50x28.jpg 50w, https:\/\/www.rotofluid.com\/eng\/wp-content\/uploads\/sites\/2\/2015\/10\/WEB-ROTOFLUID-ROTARY-JOINT-600-1-CUTAWAY-576x324.jpg 576w, https:\/\/www.rotofluid.com\/eng\/wp-content\/uploads\/sites\/2\/2015\/10\/WEB-ROTOFLUID-ROTARY-JOINT-600-1-CUTAWAY-133x75.jpg 133w\" sizes=\"(max-width: 800px) 100vw, 800px\" \/><\/span><\/p>\n<p><span style=\"color: #000000; font-family: arial, helvetica, sans-serif; font-size: 10pt;\"><div class=\"column one-second\"><\/span><\/p>\n<table style=\"border-collapse: collapse; width: 350px; height: 299px;\" border=\"0\" width=\"256\" cellspacing=\"0\" cellpadding=\"0\">\n<colgroup>\n<col style=\"width: 48pt;\" span=\"4\" width=\"64\" \/><\/colgroup>\n<tbody>\n<tr style=\"height: 14.4pt;\">\n<td class=\"xl67\" style=\"height: 14.4pt; width: 48pt; text-align: center;\" width=\"64\" height=\"19\"><span style=\"color: #000000; font-family: arial, helvetica, sans-serif; font-size: 10pt;\"><strong>NO<\/strong><\/span><\/td>\n<td class=\"xl68\" style=\"border-left-style: none; width: 144pt; text-align: center;\" colspan=\"3\" width=\"192\"><span style=\"color: #000000; font-family: arial, helvetica, sans-serif; font-size: 10pt;\"><strong>PART NAME<\/strong><\/span><\/td>\n<\/tr>\n<tr style=\"height: 14.4pt;\">\n<td class=\"xl66\" style=\"height: 14.4pt; border-top-style: none; text-align: center;\" height=\"19\"><span style=\"color: #000000; font-family: arial, helvetica, sans-serif; font-size: 10pt;\">1<\/span><\/td>\n<td class=\"xl65\" style=\"border-left-style: none; text-align: center;\" colspan=\"3\"><span style=\"color: #000000; font-family: arial, helvetica, sans-serif;\"><span style=\"font-size: 13.3333px; line-height: 20px;\">HOUSING<\/span><\/span><\/td>\n<\/tr>\n<tr style=\"height: 14.4pt;\">\n<td class=\"xl66\" style=\"height: 14.4pt; border-top-style: none; text-align: center;\" height=\"19\"><span style=\"color: #000000; font-family: arial, helvetica, sans-serif; font-size: 10pt;\">2<\/span><\/td>\n<td class=\"xl65\" style=\"border-left-style: none; text-align: center;\" colspan=\"3\"><span style=\"color: #000000; font-family: arial, helvetica, sans-serif; font-size: 10pt;\">SHAFT<\/span><\/td>\n<\/tr>\n<tr style=\"height: 14.4pt;\">\n<td class=\"xl66\" style=\"height: 14.4pt; border-top-style: none; text-align: center;\" height=\"19\"><span style=\"color: #000000; font-family: arial, helvetica, sans-serif; font-size: 10pt;\">3<\/span><\/td>\n<td class=\"xl65\" style=\"border-left-style: none; text-align: center;\" colspan=\"3\"><span style=\"color: #000000; font-family: arial, helvetica, sans-serif; font-size: 10pt;\">INNER SHAFT<\/span><\/td>\n<\/tr>\n<tr style=\"height: 14.4pt;\">\n<td class=\"xl66\" style=\"height: 14.4pt; border-top-style: none; text-align: center;\" height=\"19\"><span style=\"color: #000000; font-family: arial, helvetica, sans-serif; font-size: 10pt;\">4<\/span><\/td>\n<td class=\"xl65\" style=\"border-left-style: none; text-align: center;\" colspan=\"3\"><span style=\"color: #000000; font-family: arial, helvetica, sans-serif; font-size: 10pt;\">INNER SHAFT O-RING<\/span><\/td>\n<\/tr>\n<tr style=\"height: 14.4pt;\">\n<td class=\"xl66\" style=\"height: 14.4pt; border-top-style: none; text-align: center;\" height=\"19\"><span style=\"color: #000000; font-family: arial, helvetica, sans-serif; font-size: 10pt;\">5<\/span><\/td>\n<td class=\"xl65\" style=\"border-left-style: none; text-align: center;\" colspan=\"3\"><span style=\"color: #000000; font-family: arial, helvetica, sans-serif;\"><span style=\"font-size: 13.3333px; line-height: 20px;\">BRONZE WASHER<\/span><\/span><\/td>\n<\/tr>\n<tr style=\"height: 14.4pt;\">\n<td class=\"xl66\" style=\"height: 14.4pt; border-top-style: none; text-align: center;\" height=\"19\"><span style=\"color: #000000; font-family: arial, helvetica, sans-serif; font-size: 10pt;\">6<\/span><\/td>\n<td class=\"xl65\" style=\"border-left-style: none; text-align: center;\" colspan=\"3\"><span style=\"color: #000000; font-family: arial, helvetica, sans-serif;\"><span style=\"font-size: 13.3333px; line-height: 20px;\">INT. RETAINING RING<\/span><\/span><\/td>\n<\/tr>\n<tr style=\"height: 14.4pt;\">\n<td class=\"xl66\" style=\"height: 14.4pt; border-top-style: none; text-align: center;\" height=\"19\"><span style=\"color: #000000; font-family: arial, helvetica, sans-serif; font-size: 10pt;\">7<\/span><\/td>\n<td class=\"xl65\" style=\"border-left-style: none; text-align: center;\" colspan=\"3\"><span style=\"color: #000000; font-family: arial, helvetica, sans-serif;\"><span style=\"font-size: 13.3333px; line-height: 20px;\">BRONZE BEARING<\/span><\/span><\/td>\n<\/tr>\n<tr style=\"height: 14.4pt;\">\n<td class=\"xl66\" style=\"height: 14.4pt; border-top-style: none; text-align: center;\" height=\"19\"><span style=\"color: #000000; font-family: arial, helvetica, sans-serif; font-size: 10pt;\">8<\/span><\/td>\n<td class=\"xl65\" style=\"border-left-style: none; text-align: center;\" colspan=\"3\"><span style=\"color: #000000; font-family: arial, helvetica, sans-serif;\"><span style=\"font-size: 13.3333px; line-height: 20px;\">BACK-UP<\/span><\/span><\/td>\n<\/tr>\n<tr style=\"height: 14.4pt;\">\n<td class=\"xl66\" style=\"height: 14.4pt; border-top-style: none; text-align: center;\" height=\"19\"><span style=\"color: #000000; font-family: arial, helvetica, sans-serif; font-size: 10pt;\">9<\/span><\/td>\n<td class=\"xl65\" style=\"border-left-style: none; text-align: center;\" colspan=\"3\"><span style=\"color: #000000; font-family: arial, helvetica, sans-serif;\"><span style=\"font-size: 13.3333px; line-height: 20px;\">SEAL O-RING<\/span><\/span><\/td>\n<\/tr>\n<tr style=\"height: 14.4pt;\">\n<td class=\"xl66\" style=\"height: 14.4pt; border-top-style: none; text-align: center;\" height=\"19\"><span style=\"color: #000000; font-family: arial, helvetica, sans-serif; font-size: 10pt;\">10<\/span><\/td>\n<td class=\"xl65\" style=\"border-left-style: none; text-align: center;\" colspan=\"3\"><span style=\"color: #000000; font-family: arial, helvetica, sans-serif;\"><span style=\"font-size: 13.3333px; line-height: 20px;\">EXT. RETAINING RING<\/span><\/span><\/td>\n<\/tr>\n<\/tbody>\n<\/table>\n<p><span style=\"color: #000000; font-family: arial, helvetica, sans-serif; font-size: 10pt;\"><\/div>\n<\/span><\/p>\n<p><span style=\"color: #000000; font-family: arial, helvetica, sans-serif; font-size: 10pt;\"><div class=\"column one-second\"><\/span><\/p>\n<table style=\"border-collapse: collapse; width: 350px; height: 274px;\" border=\"0\" width=\"256\" cellspacing=\"0\" cellpadding=\"0\">\n<colgroup>\n<col style=\"width: 48pt;\" span=\"4\" width=\"64\" \/><\/colgroup>\n<tbody>\n<tr style=\"height: 14.4pt;\">\n<td class=\"xl67\" style=\"height: 14.4pt; width: 48pt; text-align: center;\" width=\"64\" height=\"19\"><span style=\"color: #000000; font-family: arial, helvetica, sans-serif; font-size: 10pt;\"><strong>NO<\/strong><\/span><\/td>\n<td class=\"xl68\" style=\"border-left-style: none; width: 144pt; text-align: center;\" colspan=\"3\" width=\"192\"><span style=\"color: #000000; font-family: arial, helvetica, sans-serif; font-size: 10pt;\"><strong>PART NAME<\/strong><\/span><\/td>\n<\/tr>\n<tr style=\"height: 14.4pt;\">\n<td class=\"xl66\" style=\"height: 14.4pt; border-top-style: none; text-align: center;\" height=\"19\"><span style=\"color: #000000; font-family: arial, helvetica, sans-serif; font-size: 10pt;\">11<\/span><\/td>\n<td class=\"xl65\" style=\"border-left-style: none; text-align: center;\" colspan=\"3\"><span style=\"color: #000000; font-family: arial, helvetica, sans-serif;\"><span style=\"font-size: 13.3333px; line-height: 20px;\">INNER SHAFT O-RING<\/span><\/span><\/td>\n<\/tr>\n<tr style=\"height: 14.4pt;\">\n<td class=\"xl66\" style=\"height: 14.4pt; border-top-style: none; text-align: center;\" height=\"19\"><span style=\"color: #000000; font-family: arial, helvetica, sans-serif; font-size: 10pt;\">12<\/span><\/td>\n<td class=\"xl65\" style=\"border-left-style: none; text-align: center;\" colspan=\"3\"><span style=\"color: #000000; font-family: arial, helvetica, sans-serif;\"><span style=\"font-size: 13.3333px; line-height: 20px;\">HOUSING<\/span><\/span><\/td>\n<\/tr>\n<tr style=\"height: 14.4pt;\">\n<td class=\"xl66\" style=\"height: 14.4pt; border-top-style: none; text-align: center;\" height=\"19\"><span style=\"color: #000000; font-family: arial, helvetica, sans-serif; font-size: 10pt;\">13<\/span><\/td>\n<td class=\"xl65\" style=\"border-left-style: none; text-align: center;\" colspan=\"3\"><span style=\"color: #000000; font-family: arial, helvetica, sans-serif; font-size: 10pt;\">SHAFT<\/span><\/td>\n<\/tr>\n<tr style=\"height: 14.4pt;\">\n<td class=\"xl66\" style=\"height: 14.4pt; border-top-style: none; text-align: center;\" height=\"19\"><span style=\"color: #000000; font-family: arial, helvetica, sans-serif; font-size: 10pt;\">14<\/span><\/td>\n<td class=\"xl65\" style=\"border-left-style: none; text-align: center;\" colspan=\"3\"><span style=\"color: #000000; font-family: arial, helvetica, sans-serif;\"><span style=\"font-size: 13.3333px; line-height: 20px;\">BRONZE WASHER<\/span><\/span><\/td>\n<\/tr>\n<tr style=\"height: 14.4pt;\">\n<td class=\"xl66\" style=\"height: 14.4pt; border-top-style: none; text-align: center;\" height=\"19\"><span style=\"color: #000000; font-family: arial, helvetica, sans-serif; font-size: 10pt;\">15<\/span><\/td>\n<td class=\"xl65\" style=\"border-left-style: none; text-align: center;\" colspan=\"3\"><span style=\"color: #000000; font-family: arial, helvetica, sans-serif;\"><span style=\"font-size: 13.3333px; line-height: 20px;\">INT. RETAINING RING<\/span><\/span><\/td>\n<\/tr>\n<tr style=\"height: 14.4pt;\">\n<td class=\"xl66\" style=\"height: 14.4pt; border-top-style: none; text-align: center;\" height=\"19\"><span style=\"color: #000000; font-family: arial, helvetica, sans-serif; font-size: 10pt;\">16<\/span><\/td>\n<td class=\"xl65\" style=\"border-left-style: none; text-align: center;\" colspan=\"3\"><span style=\"color: #000000; font-family: arial, helvetica, sans-serif;\"><span style=\"font-size: 13.3333px; line-height: 20px;\">BRONZE BEARING<\/span><\/span><\/td>\n<\/tr>\n<tr style=\"height: 14.4pt;\">\n<td class=\"xl66\" style=\"height: 14.4pt; border-top-style: none; text-align: center;\" height=\"19\"><span style=\"color: #000000; font-family: arial, helvetica, sans-serif; font-size: 10pt;\">17<\/span><\/td>\n<td class=\"xl65\" style=\"border-left-style: none; text-align: center;\" colspan=\"3\"><span style=\"color: #000000; font-family: arial, helvetica, sans-serif;\"><span style=\"font-size: 13.3333px; line-height: 20px;\">BACK-UP<\/span><\/span><\/td>\n<\/tr>\n<tr style=\"height: 14.4pt;\">\n<td class=\"xl66\" style=\"height: 14.4pt; border-top-style: none; text-align: center;\" height=\"19\"><span style=\"color: #000000; font-family: arial, helvetica, sans-serif; font-size: 10pt;\">18<\/span><\/td>\n<td class=\"xl65\" style=\"border-left-style: none; text-align: center;\" colspan=\"3\"><span style=\"color: #000000; font-family: arial, helvetica, sans-serif; font-size: 10pt;\">SEAL O-RING<\/span><\/td>\n<\/tr>\n<tr style=\"height: 14.4pt;\">\n<td class=\"xl66\" style=\"height: 14.4pt; border-top-style: none; text-align: center;\" height=\"19\"><span style=\"color: #000000; font-family: arial, helvetica, sans-serif; font-size: 10pt;\">19<\/span><\/td>\n<td class=\"xl65\" style=\"border-left-style: none; text-align: center;\" colspan=\"3\"><span style=\"font-family: arial, helvetica, sans-serif; font-size: 10pt;\">EXT. RETAINING RING<\/span><\/td>\n<\/tr>\n<\/tbody>\n<\/table>\n<p><span style=\"color: #000000; font-family: arial, helvetica, sans-serif; font-size: 10pt;\"><\/div>\n<\/span><\/p>\n<p><span style=\"color: #000000; font-family: arial, helvetica, sans-serif; font-size: 10pt;\"><\/div><div id=\"tab-69f8745eac7a5-2\" ><\/span><\/p>\n<p><span style=\"color: #000000; font-family: arial, helvetica, sans-serif; font-size: 10pt;\"><strong>Max. Air Pressure:<\/strong> 10 bar (150 psi)<\/span><\/p>\n<p><span style=\"color: #000000; font-family: arial, helvetica, sans-serif; font-size: 10pt;\"><strong>Max. Vacuum:<\/strong> 7 kPA \u00a0(2&#8243; HG)<\/span><\/p>\n<p><span style=\"color: #000000; font-family: arial, helvetica, sans-serif; font-size: 10pt;\"><strong>Max. Hydraulic Pressure (10 dev\/dak):<\/strong>\u00a0 300 bar \u00a0 (4,350\u00a0psi)<\/span><\/p>\n<p><span style=\"color: #000000; font-family: arial, helvetica, sans-serif; font-size: 10pt;\"><strong>Max. Hydraulic Pressure\u00a0(250 dev\/dak):<\/strong> \u00a010 bar \u00a0 (150 psi)<\/span><\/p>\n<p><span style=\"color: #000000; font-family: arial, helvetica, sans-serif; font-size: 10pt;\"><strong>Max. Temperature:<\/strong> 120\u00baC (250\u00baF)<\/span><\/p>\n<p><span style=\"color: #000000; font-family: arial, helvetica, sans-serif; font-size: 10pt;\"><strong>Max. Speed:<\/strong> \u00a0250 RPM \u00a0(250 min\u02c9\u00b9)<\/span><\/p>\n<p><strong><span style=\"color: #000000; font-family: arial, helvetica, sans-serif; font-size: 10pt;\">Do not work with max. pressure at max. speed.<\/span><\/strong><\/p>\n<p><span style=\"color: #000000; font-family: arial, helvetica, sans-serif; font-size: 10pt;\"><\/div><div id=\"tab-69f8745eac7a5-3\" ><\/span><\/p>\n<p><span style=\"color: #000000; font-family: arial, helvetica, sans-serif; font-size: 10pt;\"><img decoding=\"async\" loading=\"lazy\" class=\"size-full wp-image-3109 aligncenter\" src=\"http:\/\/www.rotofluid.com\/eng\/wp-content\/uploads\/sites\/2\/2015\/10\/WEB-ROTOFLUID-ROTARY-JOINT-600-1-DIM.jpg\" alt=\"WEB-ROTOFLUID-ROTARY JOINT-600+1-DIM\" width=\"600\" height=\"450\" srcset=\"https:\/\/www.rotofluid.com\/eng\/wp-content\/uploads\/sites\/2\/2015\/10\/WEB-ROTOFLUID-ROTARY-JOINT-600-1-DIM.jpg 600w, https:\/\/www.rotofluid.com\/eng\/wp-content\/uploads\/sites\/2\/2015\/10\/WEB-ROTOFLUID-ROTARY-JOINT-600-1-DIM-300x225.jpg 300w, https:\/\/www.rotofluid.com\/eng\/wp-content\/uploads\/sites\/2\/2015\/10\/WEB-ROTOFLUID-ROTARY-JOINT-600-1-DIM-195x146.jpg 195w, https:\/\/www.rotofluid.com\/eng\/wp-content\/uploads\/sites\/2\/2015\/10\/WEB-ROTOFLUID-ROTARY-JOINT-600-1-DIM-50x38.jpg 50w, https:\/\/www.rotofluid.com\/eng\/wp-content\/uploads\/sites\/2\/2015\/10\/WEB-ROTOFLUID-ROTARY-JOINT-600-1-DIM-576x432.jpg 576w, https:\/\/www.rotofluid.com\/eng\/wp-content\/uploads\/sites\/2\/2015\/10\/WEB-ROTOFLUID-ROTARY-JOINT-600-1-DIM-100x75.jpg 100w\" sizes=\"(max-width: 600px) 100vw, 600px\" \/><\/span><\/p>\n<p><span style=\"font-family: arial, helvetica, sans-serif; font-size: 10pt;\"><img decoding=\"async\" loading=\"lazy\" class=\"aligncenter size-full wp-image-3319\" src=\"http:\/\/www.rotofluid.com\/eng\/wp-content\/uploads\/sites\/2\/2015\/11\/WEB-ROTOFLUID-ROTARY-JOINT-600-1-DIM-1-ING.jpg\" alt=\"WEB-ROTOFLUID-ROTARY JOINT-600+1-DIM-1-ING\" width=\"1000\" height=\"250\" srcset=\"https:\/\/www.rotofluid.com\/eng\/wp-content\/uploads\/sites\/2\/2015\/11\/WEB-ROTOFLUID-ROTARY-JOINT-600-1-DIM-1-ING.jpg 1000w, https:\/\/www.rotofluid.com\/eng\/wp-content\/uploads\/sites\/2\/2015\/11\/WEB-ROTOFLUID-ROTARY-JOINT-600-1-DIM-1-ING-300x75.jpg 300w, https:\/\/www.rotofluid.com\/eng\/wp-content\/uploads\/sites\/2\/2015\/11\/WEB-ROTOFLUID-ROTARY-JOINT-600-1-DIM-1-ING-260x65.jpg 260w, https:\/\/www.rotofluid.com\/eng\/wp-content\/uploads\/sites\/2\/2015\/11\/WEB-ROTOFLUID-ROTARY-JOINT-600-1-DIM-1-ING-50x13.jpg 50w, https:\/\/www.rotofluid.com\/eng\/wp-content\/uploads\/sites\/2\/2015\/11\/WEB-ROTOFLUID-ROTARY-JOINT-600-1-DIM-1-ING-576x144.jpg 576w, https:\/\/www.rotofluid.com\/eng\/wp-content\/uploads\/sites\/2\/2015\/11\/WEB-ROTOFLUID-ROTARY-JOINT-600-1-DIM-1-ING-150x38.jpg 150w\" sizes=\"(max-width: 1000px) 100vw, 1000px\" \/><\/span><\/p>\n<p><span style=\"color: #000000; font-family: arial, helvetica, sans-serif; font-size: 10pt;\"><\/div><div id=\"tab-69f8745eac7a5-4\" ><\/span><\/p>\n<p><span style=\"font-family: arial, helvetica, sans-serif; font-size: 10pt; color: #000000;\"><a style=\"color: #000000;\" href=\"http:\/\/www.rotofluid.com\/eng\/wp-content\/uploads\/sites\/2\/2015\/10\/ROTOFLUID-ROTARY-JOINT-GENERAL-CATALOGUE-ENGLISH.pdf\">ROTOFLUID 2015 GENERAL CATALOGUE &#8211; ENGLISH<\/a><\/span><\/p>\n<p><span style=\"color: #000000; font-family: arial, helvetica, sans-serif; font-size: 10pt;\"><\/div><div id=\"tab-69f8745eac7a5-5\" ><\/span><\/p>\n<p><a href=\"http:\/\/www.rotofluid.com\/eng\/wp-content\/uploads\/sites\/2\/2015\/10\/ROTOFLUID-KULLANIM-KILAVUZU-600-1-ING-web.pdf\"><span style=\"font-family: arial, helvetica, sans-serif; font-size: 10pt;\">600+1 SERIES INSTALLATION &amp; OPERATION &amp; ASSEMBLY INSTRUCTIONS &#8211; ENGLISH<\/span><\/a><\/p>\n<p><a href=\"http:\/\/www.rotofluid.com\/eng\/wp-content\/uploads\/sites\/2\/2015\/10\/ROTOFLUID-MAINTENANCE-INS-600-1-ING-web.pdf\"><span style=\"font-family: arial, helvetica, sans-serif; font-size: 10pt;\">600+1<\/span><span style=\"font-family: arial, helvetica, sans-serif; font-size: 10pt;\"> SERIES MAINTENANCE INSTRUCTIONS &#8211; ENGLISH<\/span><\/a><\/p>\n<p><a href=\"http:\/\/www.rotofluid.com\/eng\/wp-content\/uploads\/sites\/2\/2015\/10\/ROTOFLUID-ASSEMBLY-INSTRUCTIONS-600-1-ING-web.pdf\"><span style=\"font-family: arial, helvetica, sans-serif; font-size: 10pt;\">600+1 SERIES INSTALLATION INSTRUCTIONS &#8211; ENGLISH<\/span><\/a><\/p>\n<p><span style=\"color: #000000; font-family: arial, helvetica, sans-serif; font-size: 10pt;\"><\/div><\/div><\/span><\/p>\n","protected":false},"excerpt":{"rendered":"<p><span style=\"font-family: arial, helvetica, sans-serif; font-size: 10pt; color: #000000;\">600+1 Series Rotary Joint<\/span><\/p>\n<p><span style=\"font-family: arial, helvetica, sans-serif; font-size: 10pt; color: #000000;\">Medium: Air, Hydraulic<\/span><\/p>\n<p><span style=\"font-family: arial, helvetica, sans-serif; font-size: 10pt; color: #000000;\">\u00d6l\u00e7\u00fc: 1\/2&#8243;x1\/8\u2033 (DN15xDN06) \u2013 1&#8243;x3\/8\u2033 (DN25-DN10)<\/span><\/p>\n<p><span style=\"font-family: arial, helvetica, sans-serif; font-size: 10pt; color: #000000;\">&#8211; Self supported design<\/span><\/p>\n<p><span style=\"font-family: arial, helvetica, sans-serif; font-size: 10pt; color: #000000;\">&#8211; Radial hose connections on housing<\/span><\/p>\n<p><span style=\"font-family: arial, helvetica, sans-serif; font-size: 10pt; color: #000000;\">&#8211; Aluminium housing<\/span><\/p>\n<p><span style=\"font-family: arial, helvetica, sans-serif; font-size: 10pt; color: #000000;\">&#8211; Hard chrome plated shaft<\/span><\/p>\n<p><span style=\"font-family: arial, helvetica, sans-serif; font-size: 10pt; color: #000000;\">&#8211; Bronze bearing and washer<\/span><\/p>\n<p><span style=\"font-family: arial, helvetica, sans-serif; font-size: 10pt; color: #000000;\">&#8211; No interpassage leakage between ports<\/span><\/p>\n<p><span style=\"font-family: arial, helvetica, sans-serif; font-size: 10pt; color: #000000;\">&#8211; Special designs for other mediums<\/span><\/p>\n<p><span style=\"font-family: arial, helvetica, sans-serif; font-size: 10pt; color: #000000;\">&#8211; Consult factory for special applications<\/span><\/p>\n<p>&nbsp;<\/p>\n","protected":false},"featured_media":3107,"comment_status":"open","ping_status":"closed","template":"","meta":{"inline_featured_image":false},"product_cat":[30,8],"product_tag":[],"_links":{"self":[{"href":"https:\/\/www.rotofluid.com\/eng\/wp-json\/wp\/v2\/product\/3110"}],"collection":[{"href":"https:\/\/www.rotofluid.com\/eng\/wp-json\/wp\/v2\/product"}],"about":[{"href":"https:\/\/www.rotofluid.com\/eng\/wp-json\/wp\/v2\/types\/product"}],"replies":[{"embeddable":true,"href":"https:\/\/www.rotofluid.com\/eng\/wp-json\/wp\/v2\/comments?post=3110"}],"wp:featuredmedia":[{"embeddable":true,"href":"https:\/\/www.rotofluid.com\/eng\/wp-json\/wp\/v2\/media\/3107"}],"wp:attachment":[{"href":"https:\/\/www.rotofluid.com\/eng\/wp-json\/wp\/v2\/media?parent=3110"}],"wp:term":[{"taxonomy":"product_cat","embeddable":true,"href":"https:\/\/www.rotofluid.com\/eng\/wp-json\/wp\/v2\/product_cat?post=3110"},{"taxonomy":"product_tag","embeddable":true,"href":"https:\/\/www.rotofluid.com\/eng\/wp-json\/wp\/v2\/product_tag?post=3110"}],"curies":[{"name":"wp","href":"https:\/\/api.w.org\/{rel}","templated":true}]}}